alse
Is 133472369 a prime number?
True
Is 54689988181 prime?
True
Is 1504505759 prime?
True
Is 301248463 prime?
True
Is 1727084351 prime?
True
Is 466938821 prime?
False
Is 168038515 a composite number?
True
Is 162907434303 a composite number?
True
Is 3740537807 composite?
False
Is 9559194883 a prime number?
False
Is 195658429 composite?
False
Is 2022509009 a prime number?
True
Is 49938083141 a prime number?
True
Is 2041094659 a prime number?
False
Is 2103394937 composite?
True
Is 1705417829 a prime number?
False
Is 46980760427 a prime number?
True
Is 128515721977 a prime number?
False
Is 4661308481 a composite number?
False
Is 228640592093 a prime number?
True
Is 1397019367 composite?
False
Is 129478163 a prime number?
True
Is 289895771 a prime number?
False
Is 41901874823 prime?
True
Is 62936899 prime?
False
Is 246305053 a composite number?
False
Is 49245701639 a composite number?
False
Is 23751708289 a composite number?
False
Is 19716689203 a prime number?
True
Is 666721661 prime?
False
Is 398467141 prime?
True
Is 80442517 composite?
False
Is 159604342531 prime?
True
Is 7276239857 prime?
False
Is 2497234423 composite?
False
Is 2947403983 a prime number?
False
Is 1137159061 prime?
True
Is 719767215899 a prime number?
True
Is 3350892199 prime?
False
Is 5213135743 prime?
True
Is 4520298373 composite?
False
Is 319721131 composite?
False
Is 26112254998 composite?
True
Is 69611361 a composite number?
True
Is 777088357 prime?
False
Is 128957147 a prime number?
False
Is 3375929269 composite?
True
Is 1822214917 a composite number?
True
Is 115207357 prime?
True
Is 954974483 a composite number?
False
Is 64471769501 prime?
True
Is 127743947 prime?
True
Is 11488532129 a composite number?
True
Is 19449144983 a composite number?
False
Is 269897653 prime?
False
Is 5320272743 prime?
False
Is 105535627 composite?
False
Is 1217442035 a prime number?
False
Is 43319837857 prime?
True
Is 48243541 a composite number?
False
Is 329072411 prime?
True
Is 6575948711 a composite number?
True
Is 632614181 a composite number?
False
Is 94319400137 a prime number?
False
Is 7724100991 a composite number?
True
Is 792018529 composite?
True
Is 5596266371 a composite number?
True
Is 15863751443 a prime number?
False
Is 122841157 prime?
False
Is 169215431267 a prime number?
False
Is 704082317 composite?
False
Is 322427337 composite?
True
Is 5962118027 a prime number?
False
Is 2777778613 a prime number?
False
Is 166057301 a prime number?
True
Is 190564879 a composite number?
False
Is 95701871 composite?
False
Is 2361425177 a composite number?
True
Is 10739738939 a prime number?
True
Is 21012695729 prime?
False
Is 46635512537 a composite number?
True
Is 2323791707 a composite number?
False
Is 47217626971 a prime number?
False
Is 1275522037 prime?
True
Is 12398507845 a prime number?
False
Is 8037725309 composite?
False
Is 1380783939 composite?
True
Is 4927264099 a composite number?
False
Is 6004056907 composite?
False
Is 136518361121 composite?
True
Is 990171289 composite?
True
Is 47410464749 a composite number?
True
Is 6744283391 a prime number?
True
Is 255980957 composite?
True
Is 429623833 composite?
False
Is 631867733 prime?
False
Is 1314017797 a prime number?
False
Is 1881365113 a prime number?
True
Is 357489019 prime?
False
Is 1934614733 composite?
False
Is 2475377141 a prime number?
False
Is 37976059141 composite?
False
Is 4193410799 a composite number?
True
Is 10764258587 composite?
True
Is 29947504619 composite?
False
Is 19026440561 a prime number?
True
Is 868855607 a composite number?
False
Is 1940048857 a composite number?
True
Is 634475491 a prime number?
False
Is 5008182707 a prime number?
False
Is 194418181 a prime number?
True
Is 12302598139 a composite number?
True
Is 194884457 a composite number?
True
Is 728577679 prime?
False
Is 9023432647 a composite number?
False
Is 2071714241 a prime number?
False
Is 706409779 a composite number?
False
Is 1120137581 a composite number?
False
Is 59134735793 a prime number?
False
Is 3189442829 a composite number?
False
Is 6315082663 a prime number?
True
Is 4042349017 composite?
True
Is 167284333 prime?
True
Is 2243888867 a prime number?
False
Is 170468560527 composite?
True
Is 13877563597 a composite number?
False
Is 491561519 prime?
True
Is 92052169007 prime?
False
Is 1566953963 composite?
False
Is 931590991 a composite number?
False
Is 99910290917 composite?
False
Is 1314351359 composite?
False
Is 77021461078 a composite number?
True
Is 38814148943 composite?
True
Is 4048529189 composite?
True
Is 680909107 prime?
True
Is 1597024279 composite?
True
Is 15080403407 a prime number?
True
Is 30699286807 a prime number?
False
Is 1009070521 a composite number?
False
Is 754166921 composite?
False
Is 6975427933 a prime number?
True
Is 28664791 prime?
False
Is 2769443141 a composite number?
True
Is 424224938 a prime number?
False
Is 14161466017 prime?
False
Is 1089375167 a prime number?
True
Is 174112241 a prime number?
True
Is 1009119143 a composite number?
False
Is 15825702127 prime?
False
Is 1039324793 a composite number?
True
Is 27981519479 a prime number?
True
Is 13018907 a prime number?
False
Is 20541878537 prime?
True
Is 1562958179 composite?
True
Is 20097497971 a composite number?
True
Is 1619472101 prime?
False
Is 28895951837 a composite number?
True
Is 371805809 composite?
True
Is 610665997 a prime number?
False
Is 2024123007 a prime number?
False
Is 81193816697 composite?
True
Is 3609771919 composite?
True
Is 500100347 composite?
False
Is 629495359 prime?
True
Is 60395142169 prime?
False
Is 15163079 prime?
True
Is 1657817935 prime?
False
Is 510629929 a prime number?
True
Is 233510363 prime?
False
Is 146260468171 a prime number?
True
Is 317923757 a composite number?
False
Is 3744699701 composite?
True
Is 410384012431 a composite number?
True
Is 635878847 a prime number?
False
Is 426177517 a prime number?
True
Is 301495589 a prime number?
True
Is 59037421 prime?
True
Is 395032657 a composite number?
True
Is 154553628254 prime?
False
Is 1300486987 prime?
True
Is 1183935839 prime?
True
Is 1477949453 a prime number?
True
Is 6108793021 a composite number?
False
Is 6339500117 prime?
False
Is 12917819407 a composite number?
True
Is 220191017 a prime number?
False
Is 12842104343 a prime number?
True
Is 404536541 composite?
False
Is 5415410617 a composite number?
False
Is 1862557583 prime?
True
Is 1326853921 prime?
True
Is 1551042197 a prime number?
False
Is 799390451 a composite number?
True
Is 1485817037 composite?
False
Is 79460626013 a prime number?
True
Is 9283431299 a prime number?
True
Is 7345120123 a prime number?
False
Is 72569257 composite?
True
Is 303838553 composite?
True
Is 12201316451 prime?
False
Is 38810036651 a composite number?
False
Is 793633159 prime?
False
Is 2199737713 composite?
True
Is 12809112179 a prime number?
False
Is 42864655369 composite?
False
Is 56412970013 composite?
True
Is 313964748293 a composite number?
True
Is 60636320489 composite?
True
Is 1284181637 a prime number?
True
Is 1184657927 a composite number?
True
Is 379906799 a composite number?
False
Is 2078645131 prime?
False
Is 45781747993 prime?
False
Is 2007741719 prime?
True
Is 3878379647 prime?
True
Is 184103363 a prime number?
True
Is 23389335647 composite?
False
Is 230959697 prime?
True
Is 1803851834 prime?
False
Is 14912124437 prime?
False
Is 156101047 a composite number?
False
Is 22977332087 composite?
True
Is 749043301 a prime number?
True
Is 1835461279 a prime number?
True
Is 1529346094 prime?
False
Is 25323505469 a composite number?
False
Is 11481705299 a prime number?
False
Is 130964919 a prime number?
False
Is 3270607871 a prime number?
False
Is 5835743789 composite?
False
Is 1347883291 a composite number?
False
Is 113606751 a composite number?
True
Is 42935572171 a prime number?
True
Is 1708625549 composite?
False
Is 3777233017 composite?
False
Is 9900198731 a prime number?
True
Is 3250757971 a composite number?
True
Is 8971964539 prime?
False
Is 81069283 composite?
False
Is 360387427 prime?
False
Is 314621299 a composite number?
True
Is 12246746593 a composite number?
True
Is 15942343663 a prime number?
True
Is 836519883 composite?
True
Is 2366660123 composite?
False
Is 217809983 a composite number?
False
Is 7160295881 prime?
False